{"id":1515,"date":"2024-07-21T11:33:34","date_gmt":"2024-07-21T11:33:34","guid":{"rendered":"https:\/\/mhultimamilla.mx\/v1\/?page_id=1515"},"modified":"2025-07-03T00:33:38","modified_gmt":"2025-07-03T00:33:38","slug":"inicio","status":"publish","type":"page","link":"https:\/\/mhultimamilla.mx\/v1\/","title":{"rendered":"Inicio"},"content":{"rendered":"\t\t<div data-elementor-type=\"wp-page\" data-elementor-id=\"1515\" class=\"elementor elementor-1515\" data-elementor-post-type=\"page\">\n\t\t\t\t\t\t<section class=\"elementor-section elementor-top-section elementor-element elementor-element-dc3caf8 elementor-section-boxed elementor-section-height-default elementor-section-height-default sc_fly_static\" data-id=\"dc3caf8\" data-element_type=\"section\" data-settings=\"{&quot;background_background&quot;:&quot;classic&quot;}\">\n\t\t\t\t\t\t<div class=\"elementor-container elementor-column-gap-extended\">\n\t\t\t\t\t<div class=\"elementor-column elementor-col-100 elementor-top-column elementor-element elementor-element-d0b44a9 sc_content_align_inherit sc_layouts_column_icons_position_left sc_fly_static\" data-id=\"d0b44a9\" data-element_type=\"column\">\n\t\t\t<div class=\"elementor-widget-wrap elementor-element-populated\">\n\t\t\t\t\t\t<div class=\"elementor-element elementor-element-b373e22 sc_height_huge sc_fly_static elementor-widget elementor-widget-spacer\" data-id=\"b373e22\" data-element_type=\"widget\" data-widget_type=\"spacer.default\">\n\t\t\t\t<div class=\"elementor-widget-container\">\n\t\t\t\t\t\t\t<div class=\"elementor-spacer\">\n\t\t\t<div class=\"elementor-spacer-inner\"><\/div>\n\t\t<\/div>\n\t\t\t\t\t\t<\/div>\n\t\t\t\t<\/div>\n\t\t\t\t<div class=\"elementor-element elementor-element-c15bf97 sc_fly_static elementor-widget elementor-widget-html\" data-id=\"c15bf97\" data-element_type=\"widget\" data-widget_type=\"html.default\">\n\t\t\t\t<div class=\"elementor-widget-container\">\n\t\t\t\t\t<div style=\"text-align: center; padding: 10px;\">\r\n  <div style=\"display: flex; justify-content: center; gap: 10px; flex-wrap: wrap;\">\r\n    <input \r\n      type=\"text\" \r\n      placeholder=\"Ingresa el n\u00famero de rastreo\" \r\n      style=\"width: 100%; max-width: 300px; padding: 12px 20px; font-size: 16px; border: 1px solid #ccc; border-radius: 25px; background-color: #fff; color: #000; outline: none;\"\r\n    >\r\n    <button \r\n      style=\"padding: 12px 24px; font-size: 16px; background-color: #000; color: #fff; border: none; border-radius: 25px; cursor: pointer;\"\r\n    >\r\n      Rastrear\r\n    <\/button>\r\n  <\/div>\r\n<\/div>\r\n\t\t\t\t<\/div>\n\t\t\t\t<\/div>\n\t\t\t\t<div class=\"elementor-element elementor-element-1ea0bbb sc_height_huge sc_fly_static elementor-widget elementor-widget-spacer\" data-id=\"1ea0bbb\" data-element_type=\"widget\" data-widget_type=\"spacer.default\">\n\t\t\t\t<div class=\"elementor-widget-container\">\n\t\t\t\t\t\t\t<div class=\"elementor-spacer\">\n\t\t\t<div class=\"elementor-spacer-inner\"><\/div>\n\t\t<\/div>\n\t\t\t\t\t\t<\/div>\n\t\t\t\t<\/div>\n\t\t\t\t\t<\/div>\n\t\t<\/div>\n\t\t\t\t\t<\/div>\n\t\t<\/section>\n\t\t\t\t<section class=\"elementor-section elementor-top-section elementor-element elementor-element-cabd01b elementor-section-full_width elementor-section-height-default elementor-section-height-default sc_fly_static\" data-id=\"cabd01b\" data-element_type=\"section\">\n\t\t\t\t\t\t<div class=\"elementor-container elementor-column-gap-no\">\n\t\t\t\t\t<div class=\"elementor-column elementor-col-100 elementor-top-column elementor-element elementor-element-c17a9c3 sc_content_align_inherit sc_layouts_column_icons_position_left sc_fly_static\" data-id=\"c17a9c3\" data-element_type=\"column\">\n\t\t\t<div class=\"elementor-widget-wrap elementor-element-populated\">\n\t\t\t\t\t\t<div class=\"elementor-element elementor-element-9afd2b9 sc_fly_static elementor-widget elementor-widget-trx_sc_services\" data-id=\"9afd2b9\" data-element_type=\"widget\" data-widget_type=\"trx_sc_services.default\">\n\t\t\t\t<div class=\"elementor-widget-container\">\n\t\t\t\t\t<div class=\"sc_services sc_services_minimal sc_services_featured_top\"><div class=\"sc_services_columns_wrap sc_item_columns sc_item_posts_container sc_item_columns_3 trx_addons_columns_wrap columns_padding_bottom columns_in_single_row\"><div class=\"trx_addons_column-1_3 trx_addons_column-1_2-tablet\"><div data-post-id=\"2048\" class=\"sc_services_item sc_item_container post_container with_content with_image sc_services_item_featured_none post-2048 cpt_services type-cpt_services status-publish has-post-thumbnail hentry cpt_services_group-_\">\r\n\t\r\n\t<div class=\"sc_services_item_content\">\r\n    \r\n         <div class=\"sc_services_item_featured_image\" style=\"background-image: url(https:\/\/mhultimamilla.mx\/v1\/wp-content\/uploads\/2025\/10\/foto01.png);\"><\/div>\r\n\r\n         <div class=\"sc_services_item_content_inner\">             <div class=\"sc_services_item_content_inner_center\"><h6 class=\"sc_services_item_title\"><a href=\"#tarifa\">SameDay<\/a><\/h6>\r\n                 <div class=\"sc_services_item_subtitle\"><a href=\"https:\/\/mhultimamilla.mx\/v1\/services_group\/_\/\" title=\"View all posts in _\">_<\/a><\/div><div class=\"sc_services_item_text\"><p>Entregas locales el mismo d\u00eda, ideales para eCommerce, retail y marketplaces.<\/p>\n<\/div><\/div><\/div><a class=\"sc_services_item_link\" href=\"#tarifa\"><\/a><\/div><\/div><\/div><div class=\"trx_addons_column-1_3 trx_addons_column-1_2-tablet\"><div data-post-id=\"2047\" class=\"sc_services_item sc_item_container post_container with_content with_image sc_services_item_featured_none post-2047 cpt_services type-cpt_services status-publish has-post-thumbnail hentry cpt_services_group-_\">\r\n\t\r\n\t<div class=\"sc_services_item_content\">\r\n    \r\n         <div class=\"sc_services_item_featured_image\" style=\"background-image: url(https:\/\/mhultimamilla.mx\/v1\/wp-content\/uploads\/2025\/10\/foto02.png);\"><\/div>\r\n\r\n         <div class=\"sc_services_item_content_inner\">             <div class=\"sc_services_item_content_inner_center\"><h6 class=\"sc_services_item_title\"><a href=\"#tiempo\">Next Day<\/a><\/h6>\r\n                 <div class=\"sc_services_item_subtitle\"><a href=\"https:\/\/mhultimamilla.mx\/v1\/services_group\/_\/\" title=\"View all posts in _\">_<\/a><\/div><div class=\"sc_services_item_text\"><p>Entregas garantizadas al siguiente d\u00eda h\u00e1bil dentro de la misma regi\u00f3n o entre estados cercanos.<\/p>\n<\/div><\/div><\/div><a class=\"sc_services_item_link\" href=\"#tiempo\"><\/a><\/div><\/div><\/div><div class=\"trx_addons_column-1_3 trx_addons_column-1_2-tablet\"><div data-post-id=\"2036\" class=\"sc_services_item sc_item_container post_container with_content with_image sc_services_item_featured_none post-2036 cpt_services type-cpt_services status-publish has-post-thumbnail hentry cpt_services_group-_\">\r\n\t\r\n\t<div class=\"sc_services_item_content\">\r\n    \r\n         <div class=\"sc_services_item_featured_image\" style=\"background-image: url(https:\/\/mhultimamilla.mx\/v1\/wp-content\/uploads\/2025\/10\/foto03.png);\"><\/div>\r\n\r\n         <div class=\"sc_services_item_content_inner\">             <div class=\"sc_services_item_content_inner_center\"><h6 class=\"sc_services_item_title\"><a href=\"#hola\">Terrestre Nacional<\/a><\/h6>\r\n                 <div class=\"sc_services_item_subtitle\"><a href=\"https:\/\/mhultimamilla.mx\/v1\/services_group\/_\/\" title=\"View all posts in _\">_<\/a><\/div><div class=\"sc_services_item_text\"><p>Cobertura de larga distancia con transporte terrestre seguro, ideal para consolidaci\u00f3n o movimiento entre centros de distribuci\u00f3n.<\/p>\n<\/div><\/div><\/div><a class=\"sc_services_item_link\" href=\"#hola\"><\/a><\/div><\/div><\/div><\/div><\/div>\t\t\t\t<\/div>\n\t\t\t\t<\/div>\n\t\t\t\t\t<\/div>\n\t\t<\/div>\n\t\t\t\t\t<\/div>\n\t\t<\/section>\n\t\t\t\t<section class=\"elementor-section elementor-top-section elementor-element elementor-element-8b792db elementor-section-full_width scheme_dark elementor-section-height-default elementor-section-height-default sc_fly_static\" data-id=\"8b792db\" data-element_type=\"section\" data-settings=\"{&quot;background_background&quot;:&quot;classic&quot;}\">\n\t\t\t\t\t\t<div class=\"elementor-container elementor-column-gap-no\">\n\t\t\t\t\t<div class=\"elementor-column elementor-col-100 elementor-top-column elementor-element elementor-element-bfdae23 sc_content_align_inherit sc_layouts_column_icons_position_left sc_fly_static\" data-id=\"bfdae23\" data-element_type=\"column\">\n\t\t\t<div class=\"elementor-widget-wrap elementor-element-populated\">\n\t\t\t\t\t\t<div data-parallax-params=\"{&quot;parallax&quot;:1,&quot;flow&quot;:&quot;entrance&quot;,&quot;crop&quot;:&quot;none&quot;,&quot;ease&quot;:&quot;power2&quot;,&quot;duration&quot;:1,&quot;delay&quot;:0,&quot;squeeze&quot;:1,&quot;text&quot;:&quot;block&quot;,&quot;text_separate&quot;:0,&quot;text_wrap&quot;:0,&quot;mouse&quot;:0,&quot;mouse_type&quot;:&quot;transform3d&quot;,&quot;mouse_tilt_amount&quot;:70,&quot;mouse_speed&quot;:10,&quot;mouse_z&quot;:&quot;&quot;,&quot;mouse_handler&quot;:&quot;row&quot;,&quot;range_start&quot;:0,&quot;range_end&quot;:40,&quot;sticky_offset&quot;:0,&quot;lag&quot;:0,&quot;x_start&quot;:-100,&quot;x_start_unit&quot;:&quot;%&quot;,&quot;x_end&quot;:0,&quot;x_end_unit&quot;:&quot;%&quot;,&quot;y_start&quot;:0,&quot;y_start_unit&quot;:&quot;px&quot;,&quot;y_end&quot;:0,&quot;y_end_unit&quot;:&quot;px&quot;,&quot;scale_start&quot;:100,&quot;scale_end&quot;:100,&quot;rotate_start&quot;:0,&quot;rotate_end&quot;:0,&quot;opacity_start&quot;:1,&quot;opacity_end&quot;:1,&quot;crop_start&quot;:0,&quot;crop_end&quot;:100,&quot;x_start_tablet&quot;:-100,&quot;x_start_tablet_unit&quot;:&quot;%&quot;,&quot;x_start_mobile&quot;:-100,&quot;x_start_mobile_unit&quot;:&quot;%&quot;}\" class=\"elementor-element elementor-element-f451edc sc_parallax sc_parallax_entrance elementor-widget-divider--view-line sc_fly_static elementor-widget elementor-widget-divider\" data-id=\"f451edc\" data-element_type=\"widget\" data-widget_type=\"divider.default\">\n\t\t\t\t<div class=\"elementor-widget-container\">\n\t\t\t\t\t\t\t<div class=\"elementor-divider\">\n\t\t\t<span class=\"elementor-divider-separator\">\n\t\t\t\t\t\t<\/span>\n\t\t<\/div>\n\t\t\t\t\t\t<\/div>\n\t\t\t\t<\/div>\n\t\t\t\t\t<\/div>\n\t\t<\/div>\n\t\t\t\t\t<\/div>\n\t\t<\/section>\n\t\t\t\t<\/div>\n\t\t","protected":false},"excerpt":{"rendered":"<p>Rastrear Tarifas _ Disfruta de tarifas competitivas y transparentes para todas tus necesidades de env\u00edo. Tiempos de tr\u00e1nsito _ Ofrecemos tiempos de tr\u00e1nsito eficientes, adaptados para que tus env\u00edos lleguen&hellip;<\/p>\n","protected":false},"author":1,"featured_media":0,"parent":0,"menu_order":0,"comment_status":"closed","ping_status":"closed","template":"","meta":{"footnotes":""},"class_list":["post-1515","page","type-page","status-publish","hentry"],"_links":{"self":[{"href":"https:\/\/mhultimamilla.mx\/v1\/wp-json\/wp\/v2\/pages\/1515","targetHints":{"allow":["GET"]}}],"collection":[{"href":"https:\/\/mhultimamilla.mx\/v1\/wp-json\/wp\/v2\/pages"}],"about":[{"href":"https:\/\/mhultimamilla.mx\/v1\/wp-json\/wp\/v2\/types\/page"}],"author":[{"embeddable":true,"href":"https:\/\/mhultimamilla.mx\/v1\/wp-json\/wp\/v2\/users\/1"}],"replies":[{"embeddable":true,"href":"https:\/\/mhultimamilla.mx\/v1\/wp-json\/wp\/v2\/comments?post=1515"}],"version-history":[{"count":84,"href":"https:\/\/mhultimamilla.mx\/v1\/wp-json\/wp\/v2\/pages\/1515\/revisions"}],"predecessor-version":[{"id":6957,"href":"https:\/\/mhultimamilla.mx\/v1\/wp-json\/wp\/v2\/pages\/1515\/revisions\/6957"}],"wp:attachment":[{"href":"https:\/\/mhultimamilla.mx\/v1\/wp-json\/wp\/v2\/media?parent=1515"}],"curies":[{"name":"wp","href":"https:\/\/api.w.org\/{rel}","templated":true}]}}